-2*n - 692. Suppose c + 4*c - f = 0. Suppose 11 = -4*q + c. What is the greatest common divisor of q and 6?
6
Let x = 11 + -7. Let u be (-2)/x*(-42 - 2). Let i(l) = 5*l**2 - 20*l + 16. Let c be i(8). What is the greatest common divisor of u and c?
22
Suppose 6*x - 48 = 2*x. Calculate the greatest common divisor of 84 and x.
12
Let s be 3 + 6/4*2. Calculate the highest common divisor of 1 and s.
1
Let b(y) = 6*y**2 - 2*y. Let k be b(1). Suppose 0 = k*t - 14 + 6. What is the highest common divisor of 3 and t?
1
Let c = -178 + 187. What is the greatest common factor of c and 99?
9
Let v be 1/2 - 51/6. Let k(u) = -u**2 - 16*u - 12. Let t be k(v). Suppose 5*c - 5*q - 94 = -9, -4*q - 55 = -3*c. What is the highest common factor of c and t?
13
Let a be (15/(-12))/(1/(-24)). Calculate the highest common factor of a and 45.
15
Let p = 1191 - 576. Suppose -5*n = -5*j + p, -j + 3*n - 513 = -5*j. What is the greatest common divisor of 18 and j?
18
Let r = -54 + 119. What is the highest common factor of r and 26?
13
Let a(y) = -y**3 + 4*y + 1. Let d be a(-3). What is the highest common factor of d and 128?
16
Let p(i) = 3*i + 8. Let q be p(6). Calculate the highest common divisor of q and 2.
2
Let x be (-6*(-3 + 2))/(48/32). Let o(a) = 2*a + 2. Let b be o(2). Calculate the highest common divisor of x and b.
2
Let i(j) = 6*j + 3. Let r be i(3). Suppose -r = -6*h + 3*h. What is the highest common divisor of h and 1?
1
Let l(a) = a**2 - 5*a - 2. Let d be l(7). What is the greatest common factor of d and 18?
6
Let h be (-57)/(-12) + 1/4. Let x = h + -1. Suppose -x*l = -0*l - 16. What is the highest common factor of 16 and l?
4
Let y(v) = -v + 1. Let t be y(-1). Suppose 0*j + 4*i = -t*j + 92, -5*j + 200 = 4*i. Calculate the greatest common divisor of 54 and j.
18
Let r be (18/(-15))/(3/(-285)). What is the greatest common divisor of 19 and r?
19
Let g(d) = 3*d**2 + 5*d - 2. Let a be g(-7). Suppose 0 = -5*z - 0*z + a. Calculate the highest common factor of 55 and z.
11
Let o(t) be the second derivative of -14*t**3/3 - 2*t. Let x be o(-4). Calculate the highest common divisor of 14 and x.
14
Suppose 145 = z - 0*z. Calculate the highest common divisor of z and 29.
29
Let f be -2*42/4*(-2)/3. Suppose 0*y = 4*d - 3*y + 34, 4 = 2*y. Let o be 4/14 + (-782)/d. What is the highest common divisor of o and f?
14
Suppose 0 = -2*y - 15 + 47. What is the greatest common divisor of y and 2?
2
Suppose 35 = -0*t + 4*t + 3*q, -q = 4*t - 33. What is the highest common divisor of t and 8?
8
Let f = -104 - -192. Let h(q) = -1 + q + 4*q**2 + 0*q**2 + 4*q**2 + 0. Let a be h(1). Calculate the greatest common divisor of f and a.
8
Let r = -48 - -59. Calculate the greatest common factor of 99 and r.
11
Suppose -3*u + 4*h = 1438, -2*h + 940 = -2*u - 4*h. Let c be 2/(-13) + u/(-39). Calculate the highest common divisor of 108 and c.
12
Let d be 1*4*(2 - 0). Let k(h) = 5*h**2 - 6*h. Let r be k(4). What is the greatest common factor of d and r?
8
Let h = 8 + -9. Let z be (1 - h)/(-4)*0. Suppose -3*p + 30 = -z*p. What is the greatest common divisor of 4 and p?
2
Suppose -15*f + 7*f = -168. Calculate the greatest common factor of f and 3.
3
Suppose 4*y - 2*y - 117 = -j, 99 = 2*y - 5*j. What is the highest common factor of 19 and y?
19
Suppose 2*b = -r - 3*r, -8 = -2*r + 3*b. Suppose -5*v = -5*n - 4 - r, -4*n = 5*v - 32. Calculate the greatest common factor of 6 and n.
3
Let r(u) = -5*u**2 + u - 2. Let m be r(-2). Let z = m + 57. Calculate the greatest common divisor of z and 22.
11
Let g = -27 + 49. What is the highest common factor of 176 and g?
22
Suppose -142 = 5*l - 727. What is the highest common divisor of 13 and l?
13
Suppose 0 = -k - 64 + 69. Let w(j) = -j**3 - 3*j**2 - 3*j - 4. Let d be w(-3). What is the highest common factor of d and k?
5
Suppose 1 = 4*o - 11. Let r be (o - 180/8)*-4. What is the greatest common factor of r and 26?
26
Let a = 41 + -23. What is the greatest common divisor of a and 18?
18
Suppose 12 + 40 = 4*m. Calculate the greatest common divisor of m and 104.
13
Let u = 6 - 8. Let r be (u/4)/(6/(-156)). Suppose 4*q - 43 = 9. What is the highest common factor of r and q?
13
Suppose -190 = 6*f - f. Let n = f - -57. Calculate the greatest common divisor of n and 171.
19
Let h(r) = -r**3 - 14*r**2 - 2*r - 1. Let b be h(-14). What is the greatest common divisor of b and 18?
9
Let x be 4/8*(2 + -2). Suppose -o - m + 18 = 0, 0 = -x*m - 3*m. Calculate the highest common factor of o and 6.
6
Let n be 476/(-7)*6/8. Let c = n + 106. Suppose 3*k - c = -19. Calculate the greatest common factor of 36 and k.
12
Let v = -6 - -37. Let b = 52 - v. What is the greatest common divisor of b and 3?
3
Let h = 61 - 13. Let p = 68 - h. Calculate the greatest common factor of p and 140.
20
Let z = 280 + -49. Calculate the greatest common factor of 21 and z.
21
Suppose 4*h = 5*h - 31. Calculate the highest common factor of 155 and h.
31
Suppose 4*u + 3*s = -4 + 12, -3*u - 1 = 4*s. Suppose 0 = -0*q - 4*q + 4*y + 36, -u*q = 5*y - 15. Calculate the greatest common divisor of q and 18.
6
Let r(c) = -2*c**3 + 3*c**3 - 7 + 14*c - 3*c + 13*c**2 + 2. Let l be r(-12). Calculate the highest common divisor of 63 and l.
7
Let i(v) = 2*v - 9. Let z = -18 + 26. Let h be i(z). What is the highest common divisor of h and 14?
7
Let r be (-2)/1 + 173 - 3. Suppose -m = 3*m - r. What is the highest common factor of m and 6?
6
Suppose 0 = 7*d + 3 - 17. Calculate the highest common factor of 2 and d.
2
Suppose -2*l + 0*l + 20 = 0. What is the highest common divisor of 110 and l?
10
Suppose -w = 2*w - 42. Calculate the highest common divisor of 28 and w.
14
Let k = 380 + -209. Calculate the highest common factor of 19 and k.
19
Let b be (-36)/(-7)*(-14)/(-3). Suppose b = -0*a + 3*a. Calculate the highest common divisor of 72 and a.
8
Suppose 5*c - y = 399 + 264, -c = -2*y - 138. Suppose t = -3*j + 37, -2*j - 4*t + 5*t + 23 = 0. Calculate the highest common divisor of j and c.
12
Let s(t) = 3*t**3 - 3 + 9*t + t**2 - 2 - 2*t**3 - 9*t**2. Let k be s(7). Calculate the greatest common divisor of k and 99.
9
Suppose 3*l = -11 + 68. Let s = 85 - 47. What is the highest common divisor of l and s?
19
Let a be (4/3)/((-3)/(-9)). Suppose -f - 3*u + 24 = 0, 0*f + 3*f + a*u = 92. What is the highest common factor of 4 and f?
4
Suppose 3*i - d - 2*d = -3, 3*d - 1 = 4*i. Suppose i*v = -v + n + 196, 0 = -v - 5*n + 60. Suppose 78 = a + 2*a. Calculate the greatest common factor of v and a.
13
Let i(d) = d**3 - 7*d**2 + 7*d - 3. Let v be i(6). Suppose -3*j = 3*u - 45, 4*u - 5*j = v*u + 3. What is the greatest common factor of 65 and u?
13
Let r(n) = -n**2 - 8*n + 4. Let b be r(-6). Suppose c = 3*c - b. What is the greatest common divisor of 16 and c?
8
Let v(x) = 30*x**2 - 1. Let o be v(-1). Suppose r - 48 - o = 0. What is the greatest common divisor of r and 11?
11
Suppose -3*j + 11 + 16 = 0. Let h(r) = r**2 - 4*r. Let z be h(j). What is the highest common divisor of 9 and z?
9
Let j(v) = v**3 + v**2 + v - 1. Let y be j(1). Suppose -3*f - 75 = -a, -2*a + y*f = -117 - 17. What is the highest common divisor of 7 and a?
7
Suppose 2*t = 7*t - 280. Let b = 4 + -6. Let d = 6 - b. Calculate the greatest common divisor of d and t.
8
Suppose 5*h + 0*h - 15 = 0. Let s = h - -1. Let y = s - 1. What is the highest common divisor of y and 2?
1
Let t be (12/(-8))/(3/40). Let g be (-1 - 0)/(2/t). Suppose 4*h + 40 = 5*v - h, 2*v + 4*h = -8. What is the highest common factor of v and g?
2
Suppose 360 = l - 6*l. Let d be 1 - 1 - l/1. Calculate the greatest common divisor of 12 and d.
12
Let c(n) = 3 - n**2 - 2*n + 2*n - 3*n**3 + 2*n. Let y be c(-2). Let q = 70 - y. Calculate the highest common factor of 17 and q.
17
Let q(x) = -x**2 + 5. Let k be q(0). Suppose 90 = -k*b + 420. Let p(r) = -r - 6. Let g be p(-12). What is the highest common divisor of g and b?
6
Let m = 1 + -13. Let q be (2 + 15/(-6))*m. Suppose 0 = -0*f - 3*f + 72. Calculate the highest common factor of q and f.
6
Let u = 45 - 63. Let l be (-1666)/(-126) + 4/u. What is the greatest common factor of l and 39?
13
Suppose -3*t + 182 = -322. What is the greatest common divisor of 24 and t?
24
Let m = 17 + 9. What is the greatest common divisor of m and 13?
13
Let i(v) = 21*v**2 - v